{"id":495,"date":"2023-02-21T14:03:39","date_gmt":"2023-02-21T14:03:39","guid":{"rendered":"https:\/\/www.laendlemaus.at\/?page_id=495"},"modified":"2023-03-08T08:27:10","modified_gmt":"2023-03-08T08:27:10","slug":"seltene-arten","status":"publish","type":"page","link":"https:\/\/www.laendlemaus.at\/index.php\/seltene-arten\/","title":{"rendered":"Seltene Arten"},"content":{"rendered":"\n<div class=\"wp-block-cover alignfull is-light is-style-default titleimg tw-stretched-link\" style=\"min-height:250px;aspect-ratio:unset;\"><span aria-hidden=\"true\" class=\"wp-block-cover__background has-background-dim-0 has-background-dim\"><\/span><img loading=\"lazy\" decoding=\"async\" width=\"1920\" height=\"1080\" sizes=\"auto, (max-width: 799px) 200vw,(max-width: 1920px) 100vw,1920px\" class=\"wp-block-cover__image-background wp-image-518\" alt=\"\" src=\"https:\/\/www.laendlemaus.at\/wp-content\/uploads\/2023\/02\/siebenschlaefer.jpg\" style=\"object-position:39% 17%\" data-object-fit=\"cover\" data-object-position=\"39% 17%\"\/><div class=\"wp-block-cover__inner-container is-layout-flow wp-block-cover-is-layout-flow\">\n<h1 class=\"title wp-block-heading\">Seltene Arten<\/h1>\n<\/div><\/div>\n\n\n\n<div class=\"wp-block-columns is-layout-flex wp-container-core-columns-is-layout-8 wp-block-columns-is-layout-flex\">\n<div class=\"wp-block-column wrapper is-layout-flow wp-block-column-is-layout-flow\">\n<h1 class=\"wp-block-heading\">Seltene Kleins\u00e4uger in Vorarlberg<\/h1>\n\n\n\n<hr class=\"wp-block-separator has-alpha-channel-opacity\"\/>\n\n\n\n<div class=\"wp-block-columns are-vertically-aligned-center is-layout-flex wp-container-core-columns-is-layout-1 wp-block-columns-is-layout-flex\">\n<div class=\"wp-block-column is-vertically-aligned-center is-layout-flow wp-block-column-is-layout-flow\" style=\"--col-width:66.66%;flex-basis:66.66%\">\n<h3 class=\"wp-block-heading\">Gartenschl\u00e4fer<\/h3>\n\n\n\n<p class=\"block\">Mit seinem r\u00f6tlichbraunen Fell und einer schwarz-wei\u00dfen Quaste am Schwanzende l\u00e4sst er sich gut von anderen Bilcharten unterscheiden. Der Gartenschl\u00e4fer ist nur im Westen \u00d6sterreichs (Vorarlberg und Tirol) verbreitet. Er bewohnt Nadel- und Mischw\u00e4lder mit Fels- und Gesteinsformationen. Diese ben\u00f6tigt er als Versteck f\u00fcr Schlafquartiere, zur Jungenaufzucht und zum Winterschlaf. Mehr Info: <a rel=\"noreferrer noopener\" href=\"https:\/\/kleinsaeuger.at\" target=\"_blank\">kleinsaeuger.at<\/a><\/p>\n<\/div>\n\n\n\n<div class=\"wp-block-column is-vertically-aligned-center is-layout-flow wp-block-column-is-layout-flow\" style=\"--col-width:33.33%;flex-basis:33.33%\">\n<figure class=\"wp-block-image size-full specpic\"><img loading=\"lazy\" decoding=\"async\" width=\"1920\" height=\"1080\" src=\"https:\/\/www.laendlemaus.at\/wp-content\/uploads\/2023\/02\/gartenschlaefer.jpg\" alt=\"\" class=\"wp-image-686\"\/><\/figure>\n<\/div>\n<\/div>\n\n\n\n<div class=\"wp-block-columns are-vertically-aligned-center is-layout-flex wp-container-core-columns-is-layout-2 wp-block-columns-is-layout-flex\">\n<div class=\"wp-block-column is-vertically-aligned-center is-layout-flow wp-block-column-is-layout-flow\" style=\"--col-width:33.33%;flex-basis:33.33%\">\n<figure class=\"wp-block-image size-full specpic\"><img loading=\"lazy\" decoding=\"async\" width=\"1920\" height=\"1080\" src=\"https:\/\/www.laendlemaus.at\/wp-content\/uploads\/2023\/02\/haselmaus_4.jpg\" alt=\"\" class=\"wp-image-684\"\/><\/figure>\n<\/div>\n\n\n\n<div class=\"wp-block-column is-vertically-aligned-center is-layout-flow wp-block-column-is-layout-flow\" style=\"--col-width:66.66%;flex-basis:66.66%\">\n<h3 class=\"wp-block-heading\"> Haselmaus<\/h3>\n\n\n\n<p class=\"block\">Die Haselmaus ist mit einer K\u00f6rperl\u00e4nge von bis zu 9 cm Vorarlbergs kleinster Bilch. Neben der geringen Gr\u00f6\u00dfe ist sie gut an ihrem curryfarbenen Fell und dem dicht behaarten Schwanz zu erkennen. Sie lebt in nahrungsreichen Laubmischw\u00e4ldern, auf strauchreichen Fl\u00e4chen und entlang von Feldgeh\u00f6lzstreifen. Eine Besonderheit bilden ihre freistehenden Kugelnester aus Gras, welche sie frei in der Vegetation oder in Baumh\u00f6hlen anlegt. Den Winterschlaf verbringt sie in einem gut isolierten Nest in Bodenn\u00e4he. Mehr Info: <a href=\"https:\/\/kleinsaeuger.at\/apodemus-sylvaticus.html\"><\/a><a rel=\"noreferrer noopener\" href=\"https:\/\/kleinsaeuger.at\" target=\"_blank\">kleinsaeuger.at<\/a><\/p>\n<\/div>\n<\/div>\n\n\n\n<div class=\"wp-block-columns are-vertically-aligned-center is-layout-flex wp-container-core-columns-is-layout-3 wp-block-columns-is-layout-flex\">\n<div class=\"wp-block-column is-vertically-aligned-center is-layout-flow wp-block-column-is-layout-flow\" style=\"--col-width:66.66%;flex-basis:66.66%\">\n<h3 class=\"wp-block-heading\">Zwergmaus<\/h3>\n\n\n\n<p class=\"block\">Als kleinstes Nagetier Europas kann die Zwergmaus gut an ihrer geringen Gr\u00f6\u00dfe erkannt werden. Auffallend ist auch ihr langer Schwanz, der ihr beim Klettern von Halm zu Halm hilft. Sie bewohnt vorwiegend Hochgrasflure mit dichtem Bewuchs an Schilf, Rohrglanzgras oder Seggen. Wie die Haselmaus legt sie frei stehende, kugelf\u00f6rmige Grasnester in der dichten Vegetation an. Mehr Info: <a href=\"https:\/\/kleinsaeuger.at\/apodemus-sylvaticus.html\"><a rel=\"noreferrer noopener\" href=\"https:\/\/kleinsaeuger.at\" target=\"_blank\">kleinsaeuger.at<\/a><\/a><\/p>\n<\/div>\n\n\n\n<div class=\"wp-block-column is-vertically-aligned-center is-layout-flow wp-block-column-is-layout-flow\" style=\"--col-width:33.33%;flex-basis:33.33%\">\n<figure class=\"wp-block-image size-full specpic\"><img loading=\"lazy\" decoding=\"async\" width=\"1920\" height=\"1080\" src=\"https:\/\/www.laendlemaus.at\/wp-content\/uploads\/2023\/02\/zwergmaus.jpg\" alt=\"\" class=\"wp-image-689\"\/><\/figure>\n<\/div>\n<\/div>\n\n\n\n<div class=\"wp-block-columns are-vertically-aligned-center is-layout-flex wp-container-core-columns-is-layout-4 wp-block-columns-is-layout-flex\">\n<div class=\"wp-block-column is-vertically-aligned-center is-layout-flow wp-block-column-is-layout-flow\" style=\"--col-width:33.33%;flex-basis:33.33%\">\n<figure class=\"wp-block-image size-full specpic\"><img loading=\"lazy\" decoding=\"async\" width=\"1920\" height=\"1080\" src=\"https:\/\/www.laendlemaus.at\/wp-content\/uploads\/2023\/02\/hausmaus.jpg\" alt=\"\" class=\"wp-image-691\"\/><\/figure>\n<\/div>\n\n\n\n<div class=\"wp-block-column is-vertically-aligned-center is-layout-flow wp-block-column-is-layout-flow\" style=\"--col-width:66.66%;flex-basis:66.66%\">\n<h3 class=\"wp-block-heading\">Hausmaus<\/h3>\n\n\n\n<p class=\"block\">Als Echte Maus sieht die Hausmaus den Waldm\u00e4usen sehr \u00e4hnlich. So besitzt auch sie einen zierlichen K\u00f6rperbau mit gro\u00dfen aus dem Fell ragenden Ohren. Ein gutes Unterscheidungsmerkmal ist ihr g\u00e4nzlich nackter Schwanz. Aufgrund ihrer Bindung zu Geb\u00e4uden als Schutz vor kalter Witterung bewohnt sie meist Lebensr\u00e4ume in der N\u00e4he des Menschen, wie z.B. Bauernh\u00f6fe. Mehr Info: <a href=\"https:\/\/kleinsaeuger.at\/apodemus-sylvaticus.html\"><\/a><a rel=\"noreferrer noopener\" href=\"https:\/\/kleinsaeuger.at\" target=\"_blank\">kleinsaeuger.at<\/a><\/p>\n<\/div>\n<\/div>\n\n\n\n<div class=\"wp-block-columns are-vertically-aligned-center is-layout-flex wp-container-core-columns-is-layout-5 wp-block-columns-is-layout-flex\">\n<div class=\"wp-block-column is-vertically-aligned-center is-layout-flow wp-block-column-is-layout-flow\" style=\"--col-width:66.66%;flex-basis:66.66%\">\n<h3 class=\"wp-block-heading\">Waldbirkenmaus<\/h3>\n\n\n\n<p class=\"block\">Das auff\u00e4lligste Merkmal der kleinen Birkenmaus ist ein 2\u20133 mm breiter schwarzer Strich, der entlang der R\u00fcckenmitte von der Kopfoberseite bis zum Schwanz verl\u00e4uft. In Vorarlberg bewohnt sie Alpen und lichte W\u00e4lder \u00fcber der Baumgrenze. Sie ern\u00e4hrt sich sowohl von pflanzlicher als auch von tierischer Kost. In einem gut isolierten Nest in frostfreien Erdbauen h\u00e4lt sie einen 6 &#8211; 8 Monate langen Winterschlaf. Mehr Info: <a href=\"https:\/\/kleinsaeuger.at\/apodemus-sylvaticus.html\"><\/a><a rel=\"noreferrer noopener\" href=\"https:\/\/kleinsaeuger.at\" target=\"_blank\">kleinsaeuger.at<\/a><\/p>\n<\/div>\n\n\n\n<div class=\"wp-block-column is-vertically-aligned-center is-layout-flow wp-block-column-is-layout-flow\" style=\"--col-width:33.33%;flex-basis:33.33%\">\n<figure class=\"wp-block-image size-full specpic\"><img loading=\"lazy\" decoding=\"async\" width=\"1920\" height=\"1080\" src=\"https:\/\/www.laendlemaus.at\/wp-content\/uploads\/2023\/03\/waldbirkenmaus.jpg\" alt=\"\" class=\"wp-image-870\"\/><figcaption class=\"wp-element-caption\">J. van der Kooij<\/figcaption><\/figure>\n<\/div>\n<\/div>\n\n\n\n<div class=\"wp-block-columns are-vertically-aligned-center is-layout-flex wp-container-core-columns-is-layout-6 wp-block-columns-is-layout-flex\">\n<div class=\"wp-block-column is-vertically-aligned-center is-layout-flow wp-block-column-is-layout-flow\" style=\"--col-width:33.33%;flex-basis:33.33%\">\n<figure class=\"wp-block-image size-full specpic\"><img loading=\"lazy\" decoding=\"async\" width=\"1920\" height=\"1080\" src=\"https:\/\/www.laendlemaus.at\/wp-content\/uploads\/2023\/03\/schneemaus.jpg\" alt=\"\" class=\"wp-image-867\"\/><\/figure>\n<\/div>\n\n\n\n<div class=\"wp-block-column is-vertically-aligned-center is-layout-flow wp-block-column-is-layout-flow\" style=\"--col-width:66.66%;flex-basis:66.66%\">\n<h3 class=\"wp-block-heading\">Schneemaus<\/h3>\n\n\n\n<p class=\"block\">Im Vergleich zu anderen W\u00fchlm\u00e4usen besitzt die Schneemaus ein graues Fell und auffallend lange Tasthaare. Sie ist bewohnt Blockfelder, Ger\u00f6llhalden und Felsflure. Aufgrund gro\u00dfer Sohlenschwielen und kr\u00e4ftigen F\u00fc\u00dfen kann sie sich hier geschickt zwischen Kl\u00fcften und Spalten bewegen. Trotz Nahrungsmangel und K\u00e4lte im Winter, h\u00e4lt sie keinen Winterschlaf. Mehr Info: <a href=\"https:\/\/kleinsaeuger.at\/apodemus-sylvaticus.html\"><\/a><a rel=\"noreferrer noopener\" href=\"https:\/\/kleinsaeuger.at\" target=\"_blank\">kleinsaeuger.at<\/a><\/p>\n<\/div>\n<\/div>\n\n\n\n<div class=\"wp-block-columns are-vertically-aligned-center is-layout-flex wp-container-core-columns-is-layout-7 wp-block-columns-is-layout-flex\">\n<div class=\"wp-block-column is-vertically-aligned-center is-layout-flow wp-block-column-is-layout-flow\" style=\"--col-width:66.66%;flex-basis:66.66%\">\n<h3 class=\"wp-block-heading\">Wasserspitzm\u00e4use<\/h3>\n\n\n\n<p class=\"block\">Wie der Name bereits verr\u00e4t, leben Wasserspitzm\u00e4use in unmittelbarer N\u00e4he zu Gew\u00e4ssern. Sowohl die Wasserspitzmaus als auch die Sumpfspitzmaus sind gute Schwimmer und Taucher. Dies ist auch notwendig, da beide Arten aktiv im Wasser nach kleinen Krebsen (z.B. Bachflohkrebsen), Wasserschnecken und Larven (z.B. der K\u00f6cherfliege). Mehr Info: <a href=\"https:\/\/kleinsaeuger.at\/apodemus-sylvaticus.html\"><\/a><a rel=\"noreferrer noopener\" href=\"https:\/\/kleinsaeuger.at\" target=\"_blank\">kleinsaeuger.at<\/a><\/p>\n<\/div>\n\n\n\n<div class=\"wp-block-column is-vertically-aligned-center is-layout-flow wp-block-column-is-layout-flow\" style=\"--col-width:33.33%;flex-basis:33.33%\">\n<figure class=\"wp-block-image size-full specpic\"><img loading=\"lazy\" decoding=\"async\" width=\"1920\" height=\"1080\" src=\"https:\/\/www.laendlemaus.at\/wp-content\/uploads\/2023\/02\/sumpfspitzmaus.jpg\" alt=\"\" class=\"wp-image-613\"\/><\/figure>\n<\/div>\n<\/div>\n\n\n\n<p><\/p>\n<\/div>\n<\/div>\n","protected":false},"excerpt":{"rendered":"<p>Seltene Kleins\u00e4uger in Vorarlberg Gartenschl\u00e4fer Mit seinem r\u00f6tlichbraunen Fell und einer schwarz-wei\u00dfen Quaste am Schwanzende l\u00e4sst er sich gut von anderen Bilcharten unterscheiden. Der Gartenschl\u00e4fer ist nur im Westen \u00d6sterreichs (Vorarlberg und Tirol) verbreitet. Er bewohnt Nadel- und Mischw\u00e4lder mit Fels- und Gesteinsformationen. Diese ben\u00f6tigt er als Versteck f\u00fcr Schlafquartiere, zur Jungenaufzucht und zum Winterschlaf.&hellip; <a class=\"more-link\" href=\"https:\/\/www.laendlemaus.at\/index.php\/seltene-arten\/\"><span class=\"screen-reader-text\">Seltene Arten<\/span> weiterlesen<\/a><\/p>\n","protected":false},"author":2,"featured_media":0,"parent":0,"menu_order":0,"comment_status":"closed","ping_status":"closed","template":"","meta":{"_themeisle_gutenberg_block_has_review":false,"footnotes":""},"class_list":["post-495","page","type-page","status-publish","hentry","entry"],"_links":{"self":[{"href":"https:\/\/www.laendlemaus.at\/index.php\/wp-json\/wp\/v2\/pages\/495","targetHints":{"allow":["GET"]}}],"collection":[{"href":"https:\/\/www.laendlemaus.at\/index.php\/wp-json\/wp\/v2\/pages"}],"about":[{"href":"https:\/\/www.laendlemaus.at\/index.php\/wp-json\/wp\/v2\/types\/page"}],"author":[{"embeddable":true,"href":"https:\/\/www.laendlemaus.at\/index.php\/wp-json\/wp\/v2\/users\/2"}],"replies":[{"embeddable":true,"href":"https:\/\/www.laendlemaus.at\/index.php\/wp-json\/wp\/v2\/comments?post=495"}],"version-history":[{"count":28,"href":"https:\/\/www.laendlemaus.at\/index.php\/wp-json\/wp\/v2\/pages\/495\/revisions"}],"predecessor-version":[{"id":1278,"href":"https:\/\/www.laendlemaus.at\/index.php\/wp-json\/wp\/v2\/pages\/495\/revisions\/1278"}],"wp:attachment":[{"href":"https:\/\/www.laendlemaus.at\/index.php\/wp-json\/wp\/v2\/media?parent=495"}],"curies":[{"name":"wp","href":"https:\/\/api.w.org\/{rel}","templated":true}]}}

<div class="wp-block-cover alignfull is-light is-style-default titleimg tw-stretched-link" style="min-height:250px;aspect-ratio:unset;"><span aria-hidden="true" class="wp-block-cover__background has-background-dim-0 has-background-dim"></span><img loading="lazy" decoding="async" width="1920" height="1080" sizes="auto, (max-width: 799px) 200vw,(max-width: 1920px) 100vw,1920px" class="wp-block-cover__image-background wp-image-518" alt="" src="https://www.laendlemaus.at/wp-content/uploads/2023/02/siebenschlaefer.jpg" style="object-position:39% 17%" data-object-fit="cover" data-object-position="39% 17%"/><div class="wp-block-cover__inner-container is-layout-flow wp-block-cover-is-layout-flow">
<h1 class="title wp-block-heading">Seltene Arten</h1>
</div></div>



<div class="wp-block-columns is-layout-flex wp-container-core-columns-is-layout-8 wp-block-columns-is-layout-flex">
<div class="wp-block-column wrapper is-layout-flow wp-block-column-is-layout-flow">
<h1 class="wp-block-heading">Seltene Kleinsäuger in Vorarlberg</h1>



<hr class="wp-block-separator has-alpha-channel-opacity"/>



<div class="wp-block-columns are-vertically-aligned-center is-layout-flex wp-container-core-columns-is-layout-1 wp-block-columns-is-layout-flex">
<div class="wp-block-column is-vertically-aligned-center is-layout-flow wp-block-column-is-layout-flow" style="--col-width:66.66%;flex-basis:66.66%">
<h3 class="wp-block-heading">Gartenschläfer</h3>



<p class="block">Mit seinem rötlichbraunen Fell und einer schwarz-weißen Quaste am Schwanzende lässt er sich gut von anderen Bilcharten unterscheiden. Der Gartenschläfer ist nur im Westen Österreichs (Vorarlberg und Tirol) verbreitet. Er bewohnt Nadel- und Mischwälder mit Fels- und Gesteinsformationen. Diese benötigt er als Versteck für Schlafquartiere, zur Jungenaufzucht und zum Winterschlaf. Mehr Info: <a rel="noreferrer noopener" href="https://kleinsaeuger.at" target="_blank">kleinsaeuger.at</a></p>
</div>



<div class="wp-block-column is-vertically-aligned-center is-layout-flow wp-block-column-is-layout-flow" style="--col-width:33.33%;flex-basis:33.33%">
<figure class="wp-block-image size-full specpic"><img loading="lazy" decoding="async" width="1920" height="1080" src="https://www.laendlemaus.at/wp-content/uploads/2023/02/gartenschlaefer.jpg" alt="" class="wp-image-686"/></figure>
</div>
</div>



<div class="wp-block-columns are-vertically-aligned-center is-layout-flex wp-container-core-columns-is-layout-2 wp-block-columns-is-layout-flex">
<div class="wp-block-column is-vertically-aligned-center is-layout-flow wp-block-column-is-layout-flow" style="--col-width:33.33%;flex-basis:33.33%">
<figure class="wp-block-image size-full specpic"><img loading="lazy" decoding="async" width="1920" height="1080" src="https://www.laendlemaus.at/wp-content/uploads/2023/02/haselmaus_4.jpg" alt="" class="wp-image-684"/></figure>
</div>



<div class="wp-block-column is-vertically-aligned-center is-layout-flow wp-block-column-is-layout-flow" style="--col-width:66.66%;flex-basis:66.66%">
<h3 class="wp-block-heading"> Haselmaus</h3>



<p class="block">Die Haselmaus ist mit einer Körperlänge von bis zu 9 cm Vorarlbergs kleinster Bilch. Neben der geringen Größe ist sie gut an ihrem curryfarbenen Fell und dem dicht behaarten Schwanz zu erkennen. Sie lebt in nahrungsreichen Laubmischwäldern, auf strauchreichen Flächen und entlang von Feldgehölzstreifen. Eine Besonderheit bilden ihre freistehenden Kugelnester aus Gras, welche sie frei in der Vegetation oder in Baumhöhlen anlegt. Den Winterschlaf verbringt sie in einem gut isolierten Nest in Bodennähe. Mehr Info: <a href="https://kleinsaeuger.at/apodemus-sylvaticus.html"></a><a rel="noreferrer noopener" href="https://kleinsaeuger.at" target="_blank">kleinsaeuger.at</a></p>
</div>
</div>



<div class="wp-block-columns are-vertically-aligned-center is-layout-flex wp-container-core-columns-is-layout-3 wp-block-columns-is-layout-flex">
<div class="wp-block-column is-vertically-aligned-center is-layout-flow wp-block-column-is-layout-flow" style="--col-width:66.66%;flex-basis:66.66%">
<h3 class="wp-block-heading">Zwergmaus</h3>



<p class="block">Als kleinstes Nagetier Europas kann die Zwergmaus gut an ihrer geringen Größe erkannt werden. Auffallend ist auch ihr langer Schwanz, der ihr beim Klettern von Halm zu Halm hilft. Sie bewohnt vorwiegend Hochgrasflure mit dichtem Bewuchs an Schilf, Rohrglanzgras oder Seggen. Wie die Haselmaus legt sie frei stehende, kugelförmige Grasnester in der dichten Vegetation an. Mehr Info: <a href="https://kleinsaeuger.at/apodemus-sylvaticus.html"><a rel="noreferrer noopener" href="https://kleinsaeuger.at" target="_blank">kleinsaeuger.at</a></a></p>
</div>



<div class="wp-block-column is-vertically-aligned-center is-layout-flow wp-block-column-is-layout-flow" style="--col-width:33.33%;flex-basis:33.33%">
<figure class="wp-block-image size-full specpic"><img loading="lazy" decoding="async" width="1920" height="1080" src="https://www.laendlemaus.at/wp-content/uploads/2023/02/zwergmaus.jpg" alt="" class="wp-image-689"/></figure>
</div>
</div>



<div class="wp-block-columns are-vertically-aligned-center is-layout-flex wp-container-core-columns-is-layout-4 wp-block-columns-is-layout-flex">
<div class="wp-block-column is-vertically-aligned-center is-layout-flow wp-block-column-is-layout-flow" style="--col-width:33.33%;flex-basis:33.33%">
<figure class="wp-block-image size-full specpic"><img loading="lazy" decoding="async" width="1920" height="1080" src="https://www.laendlemaus.at/wp-content/uploads/2023/02/hausmaus.jpg" alt="" class="wp-image-691"/></figure>
</div>



<div class="wp-block-column is-vertically-aligned-center is-layout-flow wp-block-column-is-layout-flow" style="--col-width:66.66%;flex-basis:66.66%">
<h3 class="wp-block-heading">Hausmaus</h3>



<p class="block">Als Echte Maus sieht die Hausmaus den Waldmäusen sehr ähnlich. So besitzt auch sie einen zierlichen Körperbau mit großen aus dem Fell ragenden Ohren. Ein gutes Unterscheidungsmerkmal ist ihr gänzlich nackter Schwanz. Aufgrund ihrer Bindung zu Gebäuden als Schutz vor kalter Witterung bewohnt sie meist Lebensräume in der Nähe des Menschen, wie z.B. Bauernhöfe. Mehr Info: <a href="https://kleinsaeuger.at/apodemus-sylvaticus.html"></a><a rel="noreferrer noopener" href="https://kleinsaeuger.at" target="_blank">kleinsaeuger.at</a></p>
</div>
</div>



<div class="wp-block-columns are-vertically-aligned-center is-layout-flex wp-container-core-columns-is-layout-5 wp-block-columns-is-layout-flex">
<div class="wp-block-column is-vertically-aligned-center is-layout-flow wp-block-column-is-layout-flow" style="--col-width:66.66%;flex-basis:66.66%">
<h3 class="wp-block-heading">Waldbirkenmaus</h3>



<p class="block">Das auffälligste Merkmal der kleinen Birkenmaus ist ein 2–3 mm breiter schwarzer Strich, der entlang der Rückenmitte von der Kopfoberseite bis zum Schwanz verläuft. In Vorarlberg bewohnt sie Alpen und lichte Wälder über der Baumgrenze. Sie ernährt sich sowohl von pflanzlicher als auch von tierischer Kost. In einem gut isolierten Nest in frostfreien Erdbauen hält sie einen 6 &#8211; 8 Monate langen Winterschlaf. Mehr Info: <a href="https://kleinsaeuger.at/apodemus-sylvaticus.html"></a><a rel="noreferrer noopener" href="https://kleinsaeuger.at" target="_blank">kleinsaeuger.at</a></p>
</div>



<div class="wp-block-column is-vertically-aligned-center is-layout-flow wp-block-column-is-layout-flow" style="--col-width:33.33%;flex-basis:33.33%">
<figure class="wp-block-image size-full specpic"><img loading="lazy" decoding="async" width="1920" height="1080" src="https://www.laendlemaus.at/wp-content/uploads/2023/03/waldbirkenmaus.jpg" alt="" class="wp-image-870"/><figcaption class="wp-element-caption">J. van der Kooij</figcaption></figure>
</div>
</div>



<div class="wp-block-columns are-vertically-aligned-center is-layout-flex wp-container-core-columns-is-layout-6 wp-block-columns-is-layout-flex">
<div class="wp-block-column is-vertically-aligned-center is-layout-flow wp-block-column-is-layout-flow" style="--col-width:33.33%;flex-basis:33.33%">
<figure class="wp-block-image size-full specpic"><img loading="lazy" decoding="async" width="1920" height="1080" src="https://www.laendlemaus.at/wp-content/uploads/2023/03/schneemaus.jpg" alt="" class="wp-image-867"/></figure>
</div>



<div class="wp-block-column is-vertically-aligned-center is-layout-flow wp-block-column-is-layout-flow" style="--col-width:66.66%;flex-basis:66.66%">
<h3 class="wp-block-heading">Schneemaus</h3>



<p class="block">Im Vergleich zu anderen Wühlmäusen besitzt die Schneemaus ein graues Fell und auffallend lange Tasthaare. Sie ist bewohnt Blockfelder, Geröllhalden und Felsflure. Aufgrund großer Sohlenschwielen und kräftigen Füßen kann sie sich hier geschickt zwischen Klüften und Spalten bewegen. Trotz Nahrungsmangel und Kälte im Winter, hält sie keinen Winterschlaf. Mehr Info: <a href="https://kleinsaeuger.at/apodemus-sylvaticus.html"></a><a rel="noreferrer noopener" href="https://kleinsaeuger.at" target="_blank">kleinsaeuger.at</a></p>
</div>
</div>



<div class="wp-block-columns are-vertically-aligned-center is-layout-flex wp-container-core-columns-is-layout-7 wp-block-columns-is-layout-flex">
<div class="wp-block-column is-vertically-aligned-center is-layout-flow wp-block-column-is-layout-flow" style="--col-width:66.66%;flex-basis:66.66%">
<h3 class="wp-block-heading">Wasserspitzmäuse</h3>



<p class="block">Wie der Name bereits verrät, leben Wasserspitzmäuse in unmittelbarer Nähe zu Gewässern. Sowohl die Wasserspitzmaus als auch die Sumpfspitzmaus sind gute Schwimmer und Taucher. Dies ist auch notwendig, da beide Arten aktiv im Wasser nach kleinen Krebsen (z.B. Bachflohkrebsen), Wasserschnecken und Larven (z.B. der Köcherfliege). Mehr Info: <a href="https://kleinsaeuger.at/apodemus-sylvaticus.html"></a><a rel="noreferrer noopener" href="https://kleinsaeuger.at" target="_blank">kleinsaeuger.at</a></p>
</div>



<div class="wp-block-column is-vertically-aligned-center is-layout-flow wp-block-column-is-layout-flow" style="--col-width:33.33%;flex-basis:33.33%">
<figure class="wp-block-image size-full specpic"><img loading="lazy" decoding="async" width="1920" height="1080" src="https://www.laendlemaus.at/wp-content/uploads/2023/02/sumpfspitzmaus.jpg" alt="" class="wp-image-613"/></figure>
</div>
</div>



<p></p>
</div>
</div>

<p>Seltene Kleinsäuger in Vorarlberg Gartenschläfer Mit seinem rötlichbraunen Fell und einer schwarz-weißen Quaste am Schwanzende lässt er sich gut von anderen Bilcharten unterscheiden. Der Gartenschläfer ist nur im Westen Österreichs (Vorarlberg und Tirol) verbreitet. Er bewohnt Nadel- und Mischwälder mit Fels- und Gesteinsformationen. Diese benötigt er als Versteck für Schlafquartiere, zur Jungenaufzucht und zum Winterschlaf.&hellip; <a class="more-link" href="https://www.laendlemaus.at/index.php/seltene-arten/"><span class="screen-reader-text">Seltene Arten</span> weiterlesen</a></p>
