{"id":1553,"date":"2024-06-03T09:51:39","date_gmt":"2024-06-03T09:51:39","guid":{"rendered":"https:\/\/www.laendlemaus.at\/?page_id=1553"},"modified":"2024-06-03T10:58:22","modified_gmt":"2024-06-03T10:58:22","slug":"zeig-mir-deine-maus-katze","status":"publish","type":"page","link":"https:\/\/www.laendlemaus.at\/index.php\/zeig-mir-deine-maus-katze\/","title":{"rendered":"Zeig mir deine Maus, Katze!"},"content":{"rendered":"\n<div class=\"wp-block-cover alignfull is-light is-style-default titleimg tw-stretched-link\" style=\"min-height:250px;aspect-ratio:unset;\"><span aria-hidden=\"true\" class=\"wp-block-cover__background has-background-dim-0 has-background-dim\"><\/span><img loading=\"lazy\" decoding=\"async\" width=\"1920\" height=\"1080\" sizes=\"auto, (max-width: 799px) 200vw,(max-width: 1920px) 100vw,1920px\" class=\"wp-block-cover__image-background wp-image-393\" alt=\"\" src=\"https:\/\/www.laendlemaus.at\/wp-content\/uploads\/2023\/02\/igel.jpg\" data-object-fit=\"cover\"\/><div class=\"wp-block-cover__inner-container is-layout-flow wp-block-cover-is-layout-flow\">\n<h1 class=\"wp-block-heading title\">Zeig mir deine Maus, Katze!<\/h1>\n<\/div><\/div>\n\n\n\n<div class=\"wp-block-columns wrapper is-layout-flex wp-container-core-columns-is-layout-1 wp-block-columns-is-layout-flex\">\n<div class=\"wp-block-column is-layout-flow wp-block-column-is-layout-flow\">\n<h2 class=\"wp-block-heading\"><strong>Zeig mir deine Maus, Katze!<br>Katzen im Dienst der Wissenschaft<\/strong><\/h2>\n\n\n\n<div class=\"wp-block-media-text alignwide has-media-on-the-right is-stacked-on-mobile is-vertically-aligned-top\" style=\"grid-template-columns:auto 31%\"><div class=\"wp-block-media-text__content\">\n<p class=\"block\">Die inatura bittet um Mithilfe beim Sammeln von Daten f\u00fcr die \u201eRote Liste Kleins\u00e4uger Vorarlbergs\u201c. Unter dem Motto \u201eZeig mir deine Maus, Katze!\u201c sammelt die inatura tote M\u00e4use und andere tote Kleins\u00e4uger, die Katzen zu ihren nach Hause bringen. Von Juni bis November 2024 k\u00f6nnen diese Beutetiere bei der inatura oder bei anderen Sammelstellen in Vorarlberg abgeben werden. Ziel dieser Aktion ist es, so viele Daten wie m\u00f6glich zu der heimischen Kleins\u00e4ugerfauna f\u00fcr die Erstellung der \u201eRoten Liste Kleins\u00e4uger Vorarlbergs\u201c zu bekommen<em>.<\/em><\/p>\n\n\n\n<h3 class=\"wp-block-heading\">Kleine Tiere \u2013 wenig Wissen<\/h3>\n\n\n\n<p class=\"block\">In Vorarlberg gibt es 29 Kleins\u00e4ugerarten. Dazu z\u00e4hlen u. a. Vertreter der Bilche, Birkenm\u00e4use, Echte M\u00e4use, Spitzm\u00e4use, W\u00fchlm\u00e4use, Igel und Maulwurf. Das Wissen \u00fcber die Verbreitung dieser Tiere im L\u00e4ndle ist d\u00fcrftig. Doch genau diese Daten braucht die inatura, um gem\u00e4\u00df ihrem gesetzlichen Auftrag die Rote Liste Kleins\u00e4uger Vorarlberg zu erstellen. Und das ist gar nicht so einfach \u2013 denn viele der kleinen Tierchen leben sehr versteckt und sind nur mit M\u00fche zu finden. Noch dazu sehen sich einige Arten zum Verwechseln \u00e4hnlich und k\u00f6nnen nur von Expert:innen sicher bestimmt werden. Kurz gesagt: Kleins\u00e4uger sind eine Herausforderung.<\/p>\n\n\n\n<h3 class=\"wp-block-heading\">Wie l\u00e4uft \u201eZeig mir deine Maus. Katze!\u201c ab?<\/h3>\n\n\n\n<p class=\"block\">Die Katze hat eine tote Maus oder einen anderen toten Kleins\u00e4uger nach Hause gebracht. Das Tierchen wird in einem Gefriersack hygienisch verpackt. Der Name des Katzenbesitzers, die Wohnadresse, das Datum, die E-Mail-Adresse und die Telefonnummer werden mit Bleistift auf der inatura-Fundmeldung notiert und zum toten Tier in den Gefriersack gegeben: Diese Daten sind wichtig, um den Fund wissenschaftlich verwerten zu k\u00f6nnen. Dann wird der Gefriersack zun\u00e4chst daheim in das Gefrierfach gelegt. Bei Gelegenheit kann der gefrorene tote Kleins\u00e4uger danach zur inatura oder zu einer der Abgabestellen in Vorarlberg gebracht werden. Im Anschluss \u00fcbernehmen die Wildbiolog:innen Dr. Christine Resch und Dr. Stefan Resch vom Wildtierb\u00fcro apodemus die Bestimmungsarbeit. Die Daten gehen in die Verbreitungsdatenbank f\u00fcr Tiere, Pflanzen und Pilze Vorarlbergs ein und stehen f\u00fcr die Erstellung der \u201eRote Liste Kleins\u00e4uger Vorarlberg\u201c zu Verf\u00fcgung.<\/p>\n\n\n\n<h3 class=\"wp-block-heading\">Was der inatura am Herzen liegt!<\/h3>\n\n\n\n<p class=\"block\">\u201eDamit wir nicht missverstanden werden \u2013 wir animieren die Katzenhalter:innen ausdr\u00fccklich nicht, ihre Katze vermehrt \u201eauf Jagd zu schicken\u201c, wenn das \u00fcberhaupt m\u00f6glich sein sollte! Doch wir meinen &#8211; wenn M\u00e4use und andere kleine S\u00e4ugetiere schon zu Tode kommen, dann soll ihr Tod noch einen Nutzen f\u00fcr die naturwissenschaftliche Forschung haben,\u201c so Anette Herburger.<\/p>\n\n\n\n<h3 class=\"wp-block-heading\">Weitere Informationen<\/h3>\n\n\n\n<ul class=\"wp-block-list\">\n<li><strong>Wie man eine tote Maus auf hygienische Weise einsammelt, wo die Abgabestellen sind, die inatura-Fundmeldung sowie alle weiteren Informationen finden Sie<\/strong> <strong>unter <\/strong><a href=\"http:\/\/www.inatura.at\/zeig-mir-deine-maus-katze\" target=\"_blank\" rel=\"noreferrer noopener\">www.inatura.at\/zeig-mir-deine-maus-katze<\/a> sowie im <a href=\"https:\/\/www.laendlemaus.at\/wp-content\/uploads\/2024\/06\/ZmdMK_Folder.pdf\" data-type=\"attachment\" data-id=\"1566\" target=\"_blank\" rel=\"noreferrer noopener\">PDF-Folder &#8222;Zeig mir deine Maus, Katze!&#8220;<\/a><\/li>\n<\/ul>\n<\/div><figure class=\"wp-block-media-text__media\"><a href=\"https:\/\/www.inatura.at\/forschung-und-wissen\/beobachtungen-melden\/zeig-mir-deine-maus-katze\"><img loading=\"lazy\" decoding=\"async\" width=\"1754\" height=\"2480\" src=\"https:\/\/www.laendlemaus.at\/wp-content\/uploads\/2024\/06\/ZmdMK_Plakat_final_1.jpg\" alt=\"\" class=\"wp-image-1562 size-full\"\/><\/a><\/figure><\/div>\n<\/div>\n<\/div>\n","protected":false},"excerpt":{"rendered":"<p>Zeig mir deine Maus, Katze!Katzen im Dienst der Wissenschaft Die inatura bittet um Mithilfe beim Sammeln von Daten f\u00fcr die \u201eRote Liste Kleins\u00e4uger Vorarlbergs\u201c. Unter dem Motto \u201eZeig mir deine Maus, Katze!\u201c sammelt die inatura tote M\u00e4use und andere tote Kleins\u00e4uger, die Katzen zu ihren nach Hause bringen. Von Juni bis November 2024 k\u00f6nnen diese&hellip; <a class=\"more-link\" href=\"https:\/\/www.laendlemaus.at\/index.php\/zeig-mir-deine-maus-katze\/\"><span class=\"screen-reader-text\">Zeig mir deine Maus, Katze!<\/span> weiterlesen<\/a><\/p>\n","protected":false},"author":2,"featured_media":0,"parent":0,"menu_order":0,"comment_status":"closed","ping_status":"closed","template":"","meta":{"_themeisle_gutenberg_block_has_review":false,"footnotes":""},"class_list":["post-1553","page","type-page","status-publish","hentry","entry"],"_links":{"self":[{"href":"https:\/\/www.laendlemaus.at\/index.php\/wp-json\/wp\/v2\/pages\/1553","targetHints":{"allow":["GET"]}}],"collection":[{"href":"https:\/\/www.laendlemaus.at\/index.php\/wp-json\/wp\/v2\/pages"}],"about":[{"href":"https:\/\/www.laendlemaus.at\/index.php\/wp-json\/wp\/v2\/types\/page"}],"author":[{"embeddable":true,"href":"https:\/\/www.laendlemaus.at\/index.php\/wp-json\/wp\/v2\/users\/2"}],"replies":[{"embeddable":true,"href":"https:\/\/www.laendlemaus.at\/index.php\/wp-json\/wp\/v2\/comments?post=1553"}],"version-history":[{"count":18,"href":"https:\/\/www.laendlemaus.at\/index.php\/wp-json\/wp\/v2\/pages\/1553\/revisions"}],"predecessor-version":[{"id":1588,"href":"https:\/\/www.laendlemaus.at\/index.php\/wp-json\/wp\/v2\/pages\/1553\/revisions\/1588"}],"wp:attachment":[{"href":"https:\/\/www.laendlemaus.at\/index.php\/wp-json\/wp\/v2\/media?parent=1553"}],"curies":[{"name":"wp","href":"https:\/\/api.w.org\/{rel}","templated":true}]}}